{"id":13,"date":"2016-12-26T03:13:07","date_gmt":"2016-12-26T02:13:07","guid":{"rendered":"http:\/\/eulederminerva.de\/arndt\/?page_id=13"},"modified":"2021-01-30T16:05:10","modified_gmt":"2021-01-30T15:05:10","slug":"autor","status":"publish","type":"page","link":"https:\/\/eulederminerva.de\/arndt\/","title":{"rendered":"Autor"},"content":{"rendered":"\n<div class=\"wp-block-image wp-image-75 size-medium\"><figure class=\"alignright\"><img loading=\"lazy\" decoding=\"async\" width=\"300\" height=\"295\" src=\"https:\/\/eulederminerva.de\/arndt\/wp-content\/uploads\/sites\/2\/2016\/12\/Foto_Andreas_Arndt_quadratisch-300x295.jpg\" alt=\"\" class=\"wp-image-75\" srcset=\"https:\/\/eulederminerva.de\/arndt\/wp-content\/uploads\/sites\/2\/2016\/12\/Foto_Andreas_Arndt_quadratisch-300x295.jpg 300w, https:\/\/eulederminerva.de\/arndt\/wp-content\/uploads\/sites\/2\/2016\/12\/Foto_Andreas_Arndt_quadratisch-768x756.jpg 768w, https:\/\/eulederminerva.de\/arndt\/wp-content\/uploads\/sites\/2\/2016\/12\/Foto_Andreas_Arndt_quadratisch-1024x1009.jpg 1024w, https:\/\/eulederminerva.de\/arndt\/wp-content\/uploads\/sites\/2\/2016\/12\/Foto_Andreas_Arndt_quadratisch-600x591.jpg 600w, https:\/\/eulederminerva.de\/arndt\/wp-content\/uploads\/sites\/2\/2016\/12\/Foto_Andreas_Arndt_quadratisch-676x666.jpg 676w\" sizes=\"auto, (max-width: 300px) 100vw, 300px\" \/><figcaption>Prof. Dr. Andreas Arndt<\/figcaption><\/figure><\/div>\n\n\n\n<h4 class=\"wp-block-heading\">Andreas Arndt<\/h4>\n\n\n\n<p>ist <a href=\"https:\/\/www.theologie.hu-berlin.de\/de\/philo\" target=\"_blank\" rel=\"noopener noreferrer\">Professor f\u00fcr Philosophie an der Theologischen Fakult\u00e4t der Humboldt-Universit\u00e4t zu Berlin<\/a>.<\/p>\n\n\n\n<p>Von 1992 an war er Pr\u00e4sident der <em><a href=\"https:\/\/hegel-gesellschaft.org\" target=\"_blank\" rel=\"noreferrer noopener\">Internationalen Hegel-Gesellschaft e. V.<\/a><\/em>, seit Mai 2016 ist er Ehrenpr\u00e4sident.<\/p>\n\n\n\n<h5 class=\"wp-block-heading\">Publikationen&nbsp;(Auswahl)<\/h5>\n\n\n\n<ul class=\"wp-block-list\"><li>Karl Marx. Versuch \u00fcber den Zusammenhang seiner Theorie&nbsp;(1985, neu erschienen 2012 [<a rel=\"noopener noreferrer\" href=\"https:\/\/www.degruyter.com\/view\/product\/229605?format=G\" target=\"_blank\">externer Link<\/a>])<\/li><li>Dialektik und Reflexion. Zur Rekonstruktion des Vernunftbegriffs&nbsp;(1994)<\/li><li>Die Arbeit der Philosophie&nbsp;(2003)<\/li><li><a href=\"https:\/\/doi.org\/10.4444\/50.10.de\" target=\"_blank\" rel=\"noreferrer noopener\">Unmittelbarkeit<\/a>&nbsp;(2004, neu erschienen 2013)<\/li><li><a href=\"https:\/\/doi.org\/10.4444\/50.11.de\" target=\"_blank\" rel=\"noreferrer noopener\">Geschichte und Freiheitsbewusstsein<\/a>&nbsp;(2015)<\/li><\/ul>\n\n\n\n<h5 class=\"wp-block-heading\">Links<\/h5>\n\n\n\n<ul class=\"wp-block-list\"><li><a href=\"https:\/\/www.arndt-andreas.de\" target=\"_blank\" rel=\"noreferrer noopener\">Homepage des Autors<\/a><\/li><\/ul>\n\n\n\n<p class=\"has-text-align-right\">Andreas Arndt<br><a href=\"https:\/\/doi.org\/10.4444\/50.de\">doi.org\/10.4444\/50.de<\/a><\/p>\n","protected":false},"excerpt":{"rendered":"<p>Andreas Arndt ist Professor f\u00fcr Philosophie an der Theologischen Fakult\u00e4t der Humboldt-Universit\u00e4t zu Berlin. Von 1992 an war er Pr\u00e4sident der Internationalen Hegel-Gesellschaft e. V., seit Mai 2016 ist er Ehrenpr\u00e4sident. Publikationen&nbsp;(Auswahl) Karl Marx. Versuch \u00fcber den Zusammenhang seiner Theorie&nbsp;(1985, neu erschienen 2012 [externer Link]) Dialektik und Reflexion. Zur Rekonstruktion des Vernunftbegriffs&nbsp;(1994) Die Arbeit der [&hellip;]<\/p>\n","protected":false},"author":1,"featured_media":0,"parent":0,"menu_order":10,"comment_status":"closed","ping_status":"closed","template":"","meta":{"sfsi_plus_gutenberg_text_before_share":"","sfsi_plus_gutenberg_show_text_before_share":"","sfsi_plus_gutenberg_icon_type":"","sfsi_plus_gutenberg_icon_alignemt":"","sfsi_plus_gutenburg_max_per_row":"","footnotes":""},"class_list":["post-13","page","type-page","status-publish","hentry","post-preview"],"_links":{"self":[{"href":"https:\/\/eulederminerva.de\/arndt\/wp-json\/wp\/v2\/pages\/13","targetHints":{"allow":["GET"]}}],"collection":[{"href":"https:\/\/eulederminerva.de\/arndt\/wp-json\/wp\/v2\/pages"}],"about":[{"href":"https:\/\/eulederminerva.de\/arndt\/wp-json\/wp\/v2\/types\/page"}],"author":[{"embeddable":true,"href":"https:\/\/eulederminerva.de\/arndt\/wp-json\/wp\/v2\/users\/1"}],"replies":[{"embeddable":true,"href":"https:\/\/eulederminerva.de\/arndt\/wp-json\/wp\/v2\/comments?post=13"}],"version-history":[{"count":32,"href":"https:\/\/eulederminerva.de\/arndt\/wp-json\/wp\/v2\/pages\/13\/revisions"}],"predecessor-version":[{"id":141,"href":"https:\/\/eulederminerva.de\/arndt\/wp-json\/wp\/v2\/pages\/13\/revisions\/141"}],"wp:attachment":[{"href":"https:\/\/eulederminerva.de\/arndt\/wp-json\/wp\/v2\/media?parent=13"}],"curies":[{"name":"wp","href":"https:\/\/api.w.org\/{rel}","templated":true}]}}